m = -y. List the prime factors of y.
3, 13
Suppose -5 = -5*x - b, -2*x + 7*b - 10 = 5*b. Suppose -3*g + 16 = -5*v, x = 3*v - 13 + 1. Suppose 4*k = g, 3*k = 4*u - 0*u - 371. List the prime factors of u.
5, 19
Let m(h) be the first derivative of h**2/2 + 10*h - 13. Let k be m(-6). Suppose -k*g + 63 + 121 = 0. List the prime factors of g.
2, 23
Let x(h) = -1 + 2 + 0 + 33*h - 29*h. Let o be x(1). Suppose -o*j + 2*j = -177. What are the prime factors of j?
59
Let o(w) = -6 + 3 - 7 - 16*w. Let c be o(3). Let h = c - -146. List the prime factors of h.
2, 11
Let i(a) = -2*a**3 + 2*a**2 - a + 1. Let s be i(5). Suppose 27*j + 896 - 157 = -935. Let y = j - s. List the prime factors of y.
2, 71
Let k = -67 - -76. Let c(r) = -4*r - 16. Let a be c(-12). Suppose -8*o - a = -k*o. What are the prime factors of o?
2
Let b = 39 + -48. Let r = b - -9. Suppose r = -2*d + 5*d - 18. List the prime factors of d.
2, 3
Let m be 3 + 0 + -1 + (8 - 7). Let w(s) = 4*s**2 - 5*s + 6. Let r be w(m). List the prime factors of (1 + -4)*(-522)/r.
2, 29
Suppose o - 4*h - 7182 = 0, 2*o - 2*h + 1808 - 16184 = 0. List the prime factors of o.
2, 5, 719
Let k = 109609 + -28851. What are the prime factors of k?
2, 149, 271
Let z be (-2)/7 + (-362)/7. Suppose -84*x = 26*x + 23913 - 1363. Let m = z - x. What are the prime factors of m?
3, 17
Let n = -539 + 530. List the prime factors of (-14)/(-105)*-9*4890/n.
2, 163
What are the prime factors of 383045/(-249)*(-162)/10?
3, 13, 71
Let o(z) = -z**3 - 4*z**2 - 4*z - 6. Let j = 85 + -89. List the prime factors of o(j).
2, 5
Let g be 0/(-3 - 8/(-4)) + 0. Let k be 5 - g/(-5) - 1. Suppose k*q = 1 + 23. What are the prime factors of q?
2, 3
Let r(c) = 2555*c**2 + c - 1. Let l be r(3). Suppose -6718 = -21*d + l. List the prime factors of d.
5, 283
Let o(w) = w**2 - 89*w - 6780. What are the prime factors of o(-177)?
2, 3, 2239
Let v(f) = -39*f + 75. Let o(r) = -151*r + 301. Let m(t) = 6*o(t) - 22*v(t). What are the prime factors of m(-11)?
2, 3, 19
Let g be (77/14)/(-11)*0. Suppose -4*k + 4745 = 5*r, -3*r + 5*r - k - 1885 = g. List the prime factors of r.
3, 5, 7
Let p = -1005 + 15185. List the prime factors of p.
2, 5, 709
Suppose 3*q + 5 = -22. Suppose -5*l + 396 = -219. List the prime factors of l/q*-6 - -4.
2, 43
List the prime factors of (-75033)/9*10/(-35).
2, 3, 397
Suppose 2*o = 5*v - 101, o - 2*v = -3*o - 242. What are the prime factors of -3 + ((-18)/o - 2805/(-7))?
2, 199
Suppose -o - m = -23, 5*o - 103 = -0*o - m. Suppose -8*f + 14*f = -12. Let r = o + f. List the prime factors of r.
2, 3
Suppose -4*h + 8 = 3*d + 1, 1 = 5*h - 4*d. Let w = h - 1. Suppose w*q + 6*q = 960. List the prime factors of q.
2, 5
Suppose -3*d + 0 = -j - 7, -d = 3*j + 1. Let k = j + -30. What are the prime factors of k/(-5 + 3 - -1)?
31
Let g(u) = -5*u**3 + 346*u**2 - 182*u - 74. What are the prime factors of g(68)?
2, 3, 2549
Suppose -278*y + 267*y + 241670 = 0. What are the prime factors of y?
2, 5, 13
Let p(n) = -n - 5. Let w be p(-6). Let g be ((-166)/(-6)*3)/w. Suppose 2*s = -s + 4*b + g, 157 = 5*s - 2*b. What are the prime factors of s?
3, 11
Let z = -16445 - -33728. What are the prime factors of z?
3, 7, 823
Let z(w) = 71*w**2 - 37*w + 370. What are the prime factors of z(12)?
2, 5, 7, 29
Let w(p) = p**2 - 6*p + 5. Let q be w(5). Suppose -2*t + 2959 - 79 = q. What are the prime factors of t?
2, 3, 5
Suppose 0 = 2*b - l - 14588 - 21701, 3*l - 72593 = -4*b. List the prime factors of b.
2, 43, 211
Let t = 27451 + -41596. What are the prime factors of 17/153 + t/(-27)?
2, 131
List the prime factors of (-594674)/174*(7 - 25).
2, 3, 10253
Let o(p) = -1287*p - 2947. What are the prime factors of o(-56)?
5, 7, 79
Let y be (-544)/(-3)*36/24. Let u = y - -85. What are the prime factors of u?
3, 7, 17
Suppose -11*v = 34 - 199. Suppose 5*c + 5 = 0, 19*s + 4*c - 3540 = v*s. What are the prime factors of s?
2, 443
Suppose 0 = -4*n + 8. Suppose -2*s = 5*h - 15, 0 = -4*s + 2*h + n*h - 12. Suppose -17*g + 6*g + 286 = s. List the prime factors of g.
2, 13
Suppose 2*k + j - 77500 = 0, -4*j = -62*k + 60*k + 77510. What are the prime factors of k?
3, 12917
Let n = -48 - -59. Suppose 15*s = n*s + 20. Suppose 5*d + 280 = 2*a - 0*a, 20 = -s*d. What are the prime factors of a?
2, 5, 13
Let v = -137 + 303. Let s(c) = -27*c**2 - 25*c - 52. Let f be s(-2). Let l = f + v. List the prime factors of l.
2, 7
Suppose -4*s = -0*h + 2*h - 26978, 4*s - 26958 = 2*h. List the prime factors of s.
2, 3371
Suppose -21376*a = -21378*a + 12324. List the prime factors of a.
2, 3, 13, 79
Let x(z) be the first derivative of -z**3/3 + 23*z**2/2 + 83*z - 101. List the prime factors of x(26).
5
Suppose -82542*h = -82538*h - 190128. List the prime factors of h.
2, 3, 17, 233
Let a(d) = d**3 + 20*d**2 - 29*d - 138. List the prime factors of a(-20).
2, 13, 17
Suppose -777087 + 1292717 = 85*u - 1624755. What are the prime factors of u?
13, 149
Suppose 0 = 4*x + 3*a + 9, 3*x = x + 5*a + 15. Suppose -422*k + 419*k + 1017 = x. What are the prime factors of k?
3, 113
Let b(m) = 3*m**2 - 6*m + 5. Let x be ((-18)/(-4))/(9/12*-1). Let v be (x - 2) + -1 + 5. List the prime factors of b(v).
7, 11
Let k(o) = 10*o - 33. Let t be k(3). List the prime factors of (t/((-12)/(-206)))/(10/(-100)).
5, 103
Let v = 11226 + 6378. What are the prime factors of v?
2, 3, 163
Let r(p) be the second derivative of -157*p**3/6 - 33*p**2 + 91*p. What are the prime factors of r(-6)?
2, 3, 73
Let p be (-1)/(-1*7/133). Suppose -p*j = -5758 - 8511. What are the prime factors of j?
751
Let d(h) = 310*h - 188. Let x(u) = -124*u + 75. Let z(p) = 5*d(p) + 12*x(p). List the prime factors of z(6).
2, 83
Let f = -52 + 57. Suppose f*u = -0 - 0. Suppose -5*v + 5*a = -u*a - 315, 47 = v - 5*a. What are the prime factors of v?
67
Let z = 60792 + -41497. What are the prime factors of z?
5, 17, 227
Suppose 21*j - 51249 = 47324 + 140491. What are the prime factors of j?
2, 1423
Let o = 76 - 75. Let q(r) = 1271*r**3 + 2*r**2 - 6*r + 3. What are the prime factors of q(o)?
2, 5, 127
Let j = -643 + -57. Let f = -29 - j. What are the prime factors of f?
11, 61
Let o(m) = 866*m - 678. List the prime factors of o(8).
2, 5
Let l be (14 - 16) + 2 + 2. Suppose 0*z = -3*w - 3*z + 2199, 0 = -l*w + 2*z + 1458. List the prime factors of w.
17, 43
Suppose -91702 = -3*t - 378*f + 379*f, 2*t - 61133 = -f. List the prime factors of t.
3, 23, 443
List the prime factors of (-93322)/((-7 + 135/18)*-4).
29, 1609
Let l(u) = -23*u - 20. Let r be l(-37). Suppose 7*t + r = 10*t. What are the prime factors of t?
277
Let f(o) be the first derivative of o**4/4 - 5*o**3 + 15*o**2/2 + 34*o + 19. Let y be f(14). Let w = -17 + y. List the prime factors of w.
31
Suppose 2*w - 1272 = 5*p, w - 6*p - 637 = -4*p. Let f = -391 + w. What are the prime factors of f?
2, 5
Suppose 0 = 10*b - 12*b + 5*o + 89617, 3*b = -3*o + 134478. What are the prime factors of b?
7, 19, 337
Suppose -18*p + 44 = -14*p. Suppose v - 3084 = -p*v. What are the prime factors of v?
257
Suppose 4*b + 3*g + 640 - 47189 = 0, 5*b - g = 58210. List the prime factors of b.
7, 1663
Let v be 2392/(-39)*27/12. Let y = v + 336. List the prime factors of y.
2, 3, 11
Let h = 503 - 499. Suppose -3495 = -h*t + 5*b, t - 1731 = -t - 3*b. What are the prime factors of t?
2, 3, 5, 29
Let m = 143 - 140. Suppose 0 = 3*n - n - 856. Suppose m*g = g + n. List the prime factors of g.
2, 107
Suppose 94*b - 109*b + 214890 = 0. List the prime factors of b.
2, 13, 19, 29
Let q(l) = 130*l**3 + 4*l**2 - 2*l. Let s be q(1). Suppose -2*p = -m - 132, -p + 4*m = p - s. List the prime factors of p.
2, 3, 11
Suppose -422*h + 828*h = 424*h - 682722. List the prime factors of h.
3, 47, 269
Let p = 1499 - 883. Let d = p - 97. List the prime factors of d.
3, 173
Suppose -1068 = -4*t + r, -r = 4*r - 20. Let o = t + -382. Let j = -60 - o. List the prime factors of j.
2, 3
Let k = 155 + -155. Suppose 0*w = 4*w + 5*r - 68, k = -w + r + 26. What are the prime factors of w?
2, 11
What are the prime factors of (-38 + 42)/(-3 - (-20966)/6988)?
2, 1747
Let z(l) = 3550*l**3 + 9*l**2 - 5*l + 23. What are the prime factors of z(2)?
3, 29, 109
Let p(l) = -l**3 + 4*l**2 + 4*l + 14. Let h be p(4). Suppose -21*v + h*v - 5283 = 0. What are the prime factors of v?
587
S